4?
True
Is 4 a factor of 652?
True
Is 133 a multiple of 3?
False
Is 3240 a multiple of 45?
True
Is 21552 a multiple of 11?
False
Is 1037 a multiple of 61?
True
Does 21 divide 391?
False
Is 8 a factor of 10459?
False
Does 132 divide 12221?
False
Is 10 a factor of 1092?
False
Does 57 divide 24677?
False
Is 111 a factor of 26900?
False
Is 157 a factor of 48984?
True
Is 789 a multiple of 4?
False
Is 2650 a multiple of 10?
True
Is 7738 a multiple of 162?
False
Does 10 divide 1449?
False
Does 33 divide 1081?
False
Does 11 divide 919?
False
Is 60 a factor of 7079?
False
Does 6 divide 426?
True
Is 86086 a multiple of 7?
True
Does 30 divide 1860?
True
Does 8 divide 880?
True
Is 4282 a multiple of 6?
False
Does 21 divide 2667?
True
Is 47 a factor of 9212?
True
Is 3853 a multiple of 61?
False
Is 9 a factor of 611?
False
Does 13 divide 4134?
True
Is 31 a factor of 104687?
True
Is 30 a factor of 3540?
True
Is 22 a factor of 1067?
False
Is 76 a factor of 14011?
False
Does 58 divide 174?
True
Is 3542 a multiple of 14?
True
Does 2 divide 5?
False
Is 100 a factor of 46729?
False
Is 52 a factor of 2756?
True
Is 11 a factor of 528?
True
Is 11 a factor of 54611?
False
Does 10 divide 2090?
True
Is 18 a factor of 12546?
True
Does 6 divide 5646?
True
Is 28 a factor of 576?
False
Is 39 a factor of 2574?
True
Is 1992 a multiple of 166?
True
Does 118 divide 28556?
True
Does 40 divide 5200?
True
Is 96 a factor of 768?
True
Does 17 divide 214319?
True
Does 29 divide 1131?
True
Is 41 a factor of 17138?
True
Is 210 a multiple of 35?
True
Is 40884 a multiple of 25?
False
Does 26 divide 1578?
False
Is 35358 a multiple of 166?
True
Is 45611 a multiple of 17?
True
Is 360 a multiple of 8?
True
Is 1672 a multiple of 21?
False
Is 833 a multiple of 119?
True
Does 94 divide 7990?
True
Is 31 a factor of 241?
False
Is 21 a factor of 832?
False
Does 15 divide 240?
True
Is 16 a factor of 138196?
False
Is 4 a factor of 415?
False
Is 261 a multiple of 3?
True
Is 24 a factor of 2100?
False
Is 36 a factor of 21480?
False
Is 27 a factor of 7398?
True
Is 38 a multiple of 2?
True
Does 11 divide 2997?
False
Is 612 a multiple of 18?
True
Does 117 divide 11702?
False
Is 67 a factor of 76?
False
Is 238 a factor of 43078?
True
Is 84 a factor of 10741?
False
Does 35 divide 2240?
True
Is 6 a factor of 738?
True
Is 169 a factor of 2530?
False
Is 119 a multiple of 9?
False
Is 41 a factor of 861?
True
Does 24 divide 23040?
True
Is 14 a factor of 1176?
True
Is 1369 a multiple of 7?
False
Does 53 divide 503?
False
Is 21697 a multiple of 192?
False
Is 31535 a multiple of 371?
True
Is 7 a factor of 8463?
True
Is 3198 a multiple of 82?
True
Is 20 a factor of 2140?
True
Is 102 a factor of 75276?
True
Is 12 a factor of 20893?
False
Is 12 a factor of 353?
False
Is 1377 a multiple of 11?
False
Does 58 divide 290?
True
Does 66 divide 53583?
False
Is 25 a factor of 450?
True
Is 289 a multiple of 17?
True
Is 33 a factor of 1782?
True
Is 25460 a multiple of 67?
True
Does 13 divide 71098?
False
Is 1140 a multiple of 19?
True
Is 13 a factor of 2080?
True
Does 99 divide 4158?
True
Does 98 divide 1176?
True
Is 42029 a multiple of 131?
False
Is 36 a factor of 1286?
False
Does 30 divide 16801?
False
Is 200 a multiple of 15?
False
Is 100 a factor of 3900?
True
Is 768 a multiple of 2?
True
Is 5 a factor of 24?
False
Does 19 divide 13158?
False
Is 1188 a multiple of 18?
True
Does 10 divide 8639?
False
Does 22 divide 1892?
True
Does 15 divide 2100?
True
Is 8104 a multiple of 116?
False
Is 1124 a multiple of 25?
False
Is 70626 a multiple of 16?
False
Does 82 divide 4346?
True
Is 461 a multiple of 14?
False
Is 5520 a multiple of 25?
False
Is 2010 a multiple of 30?
True
Is 43 a factor of 645?
True
Is 192 a multiple of 3?
True
Does 23 divide 1736?
False
Is 9930 a multiple of 27?
False
Is 6762 a multiple of 46?
True
Does 3 divide 4328?
False
Is 96 a multiple of 32?
True
Does 52 divide 8268?
True
Is 1284 a multiple of 8?
False
Does 55 divide 1647?
False
Is 8067 a multiple of 18?
False
Is 1122 a multiple of 6?
True
Is 8630 a multiple of 6?
False
Is 48 a multiple of 12?
True
Is 20 a factor of 1360?
True
Does 18 divide 108?
True
Does 8 divide 3404?
False
Does 16 divide 552?
False
Is 54 a factor of 432?
True
Is 3 a factor of 232?
False
Does 51 divide 3723?
True
Is 44 a factor of 660?
True
Does 23 divide 10189?
True
Is 18 a factor of 144?
True
Is 32 a factor of 1248?
True
Is 112861 a multiple of 39?
False
Does 25 divide 2284?
False
Is 308 a multiple of 44?
True
Is 2840 a multiple of 20?
True
Is 3 a factor of 426?
True
Is 17797 a multiple of 13?
True
Is 15 a factor of 2430?
True
Does 10 divide 730?
True
Is 5753 a multiple of 180?
False
Is 144 a multiple of 36?
True
Is 30 a factor of 8760?
True
Does 47 divide 1314?
False
Is 3872 a multiple of 32?
True
Does 15 divide 15300?
True
Is 19 a factor of 1987?
False
Does 15 divide 3735?
True
Is 2 a factor of 25241?
False
Is 8 a factor of 1514?
False
Is 5 a factor of 40?
True
Does 19 divide 912?
True
Is 47 a factor of 1410?
True
Is 2805 a multiple of 15?
True
Does 2 divide 3356?
True
Is 26 a factor of 1087?
False
Does 18 divide 608?
False
Does 136 divide 1768?
True
Is 1573 even?
False
Is 70 a factor of 1042?
False
Is 14 a factor of 3234?
True
Is 168 a multiple of 25?
False
Does 6 divide 9888?
True
Is 33 a factor of 20163?
True
Is 69202 a multiple of 14?
True
Is 1040 a multiple of 40?
True
Is 93 a factor of 4464?
True
Is 4 a factor of 476?
True
Is 45 a factor of 256?
False
Is 819 a multiple of 39?
True
Is 4 a factor of 1906?
False
Is 63 a multiple of 2?
False
Is 3 a factor of 1071?
True
Is 24 a factor of 134105?
False
Does 30 divide 810?
True
Is 4902 a multiple of 3?
True
Does 15 divide 7110?
True
Is 46 a factor of 6808?
True
Does 8 divide 243?
False
Is 5 a factor of 1945?
True
Is 40950 a multiple of 30?
True
Does 25 divide 756?
False
Is 25 a factor of 9750?
True
Does 44 divide 308?
True
Does 118 divide 826?
True
Is 5676 a multiple of 3?
True
Does 29 divide 3946?
False
Does 69 divide 207?
True
Does 11 divide 1265?
True
Is 4 a factor of 15068?
True
Is 14955 a multiple of 26?
False
Is 64 even?
True
Is 4940 a multiple of 52?
True
Is 31 a factor of 1860?
True
Is 1867 a multiple of 51?
False
Is 15564 a multiple of 4?
True
Does 206 divide 39140?
True
Is 153 a multiple of 17?
True
Is 255 a factor of 8613?
False
Does 11 divide 132088?
True
Is 24 a factor of 1687?
False
Is 1235 a multiple of 5?
True
Is 2539 a multiple of 12?
False
Is 11 a factor of 266?
False
Is 8 a factor of 240?
True
Is 12 a factor of 828?
True
Is 27 a factor of 55111?
False
Does 64 divide 468?
False
Is 20 a factor of 1920?
True
Is 1968 a multiple of 41?
True
Is 35 a factor of 11900?
True
Is 268 a multiple of 30?
False
Does 12 divide 1942?
False
Does 10 divide 42?
False
Is 16 a factor of 2620?
False
Is 42 a factor of 23520?
True
Is 16 a factor of 96118?
False
Is 150 a factor of 64350?
True
Does 66 divide 49684?
False
Does 28 divide 651?
False
Is 35748 a multiple of 325?
False
Is 373 a multiple of 4?
False
Is 32 a factor of 39456?
True
Does 54 divide 9666?
True
Is 14 a factor of 12782?
True
Is 110 a factor of 7150?
True
Is 19552 a multiple of 287?
False
Is 1049 a multiple of 39?
False
Does 136 divide 9928?
True
Is 128 a multiple of 13?
False
Does 53 divide 7420?
True
Is 3321 a multiple of 27?
True
Does 20 divide 12640?
True
Does 18 divide 2610?
True
Is 76 a factor of 15905?
False
Is 58 a factor of 5742?
True
Is 14 a factor of 5838?
True
Does 136 divide 544?
True
Does 182 divide 28295?
False
Does 5 divide 426?
False
Is 112 a factor of 3658?
False
Is 7 a factor of 10363?
False
Does 28 divide 1653?
False
Is 41870 a multiple of 158?
True
Is 442 a multiple of 13?
True
Does 28 divide 12388?
False
Is 17 a factor of 51?
True
Does 25 divide 6432?
False
Is 2125 a multiple of 5?
True
Does 41 divide 29602?
True
Is 42 a factor of 8652?
True
Does 41 divide 28398?
False
Is 19877 a multiple of 11?
True
Does 22 divide 1652?
False
Is 2 a factor of 100?
True
Is 52 a factor of 21476?
True
Does 26 divide 8112?
True
Is 6 a factor of 10495?
False
Is 57907 a multiple of 41?
False
Is 18359 a multiple of 11?
True
Does 66 divide 44550?
True
Is 70 a factor of 8330?
True
Is 232 a multiple of 3?
False
Does 18 divide 645?
False
Is 5 a factor of 361?
False
Is 442 a 